{"id":92,"date":"2017-10-03T15:48:34","date_gmt":"2017-10-03T14:48:34","guid":{"rendered":"http:\/\/amiens-sociologie.fr\/?page_id=92"},"modified":"2021-09-26T16:27:54","modified_gmt":"2021-09-26T15:27:54","slug":"elodie-lemaire","status":"publish","type":"page","link":"http:\/\/amiens-sociologie.fr\/index.php\/elodie-lemaire\/","title":{"rendered":"Elodie Lemaire"},"content":{"rendered":"\n<p><strong>Sociologue<\/strong><\/p>\n\n\n\n<p><strong>Ma\u00eetresse de conf\u00e9rences au d\u00e9partement de sciences sociales\u00a0: sociologie, ethnologie, d\u00e9mographie (UPJV)<\/strong><\/p>\n\n\n\n<p><strong>Chercheure au centre de recherches sur l\u2019action publique et le politique \u2013 \u00e9pist\u00e9mologie et sciences sociales (CURAPP-ESS\/UMR 7319)<\/strong><\/p>\n\n\n\n<p>Bureau H102 (UPJV- P\u00f4le Citadelle)<\/p>\n\n\n\n<p>Contact : elodie.lemaire[at]u-picardie.fr<\/p>\n\n\n\n<p><strong><em>Responsabilit\u00e9s<\/em><\/strong><strong>&nbsp;:<\/strong><\/p>\n\n\n\n<p>Co-directrice (avec Nehara Feldman) du d\u00e9partement de sciences sociales : sociologie, ethnologie, d\u00e9mographie, UPJV<\/p>\n\n\n\n<p>Membre (\u00e9lue) du comit\u00e9 national de la recherche scientifique (CoNRS) \u2013 section 36&nbsp;: sociologie et sciences du droit<\/p>\n\n\n\n<p>Membre du groupe de travail \u00ab&nbsp;Vie de l\u2019UFR&nbsp;\u00bb, UFR de Sciences humaines, sociales et philosophie, UPJV<\/p>\n\n\n\n<p>Membre (\u00e9lue) du conseil de gestion, UFR de Sciences humaines, sociales et philosophie, UPJV<\/p>\n\n\n\n<p>Co-responsable (avec Ana Perrin-Heredia)de l\u2019axe 2 \u00ab&nbsp;Rapports sociaux, socialisations et politisations&nbsp;\u00bb du laboratoire du CURAPP-ESS (UMR 7319)<\/p>\n\n\n\n<p><strong><em>Enseignements <\/em><\/strong><strong>(<em>2021-2022<\/em>)&nbsp;:<\/strong><\/p>\n\n\n\n<p>Sociologie de l\u2019Etat, CM, L2<\/p>\n\n\n\n<p>Sociologie de l\u2019Etat et politiques de jeunesse, CM, M2<\/p>\n\n\n\n<p>Sociologie des institutions sanitaires et sociales, CM, M1<\/p>\n\n\n\n<p>Sociologie et histoire, CM\/TD, L2<\/p>\n\n\n\n<p>Questions sociales, enjeux sociologiques, CM, L1<\/p>\n\n\n\n<p>Recherche et d\u00e9veloppement en sciences sociales, TD, M2<\/p>\n\n\n\n<p>Atelier d\u2019\u00e9criture \u2013 encadrement de m\u00e9moire \u00e0 dimension professionnelle, TD, M2<\/p>\n\n\n\n<p>Analyse secondaire de donn\u00e9es&nbsp;: textes et statistiques, TD, L3<\/p>\n\n\n\n<p>Introduction aux m\u00e9thodes quantitatives en sciences sociales, TD, L1<\/p>\n\n\n\n<p><strong><em>Domaines de recherche<\/em><\/strong> :<\/p>\n\n\n\n<p>S\u00e9curit\u00e9 et justice<\/p>\n\n\n\n<p>New public management et division du travail policier<\/p>\n\n\n\n<p>Proc\u00e9dures de construction des chiffres de la d\u00e9linquance<\/p>\n\n\n\n<p>Vid\u00e9osurveillance et fabrique de l\u2019image comme preuve<\/p>\n\n\n\n<p>Pratiques de cat\u00e9gorisation du monde social et construction de groupes sociaux \u00ab \u00e0 risque \u00bb Fabrique des collectifs policiers (de et hors \u2013 travail)<\/p>\n\n\n\n<p><strong><em>Publications r\u00e9centes et \u00e0 para\u00eetre&nbsp;:<\/em><\/strong><\/p>\n\n\n\n<p>\u00ab Pour une sociologie du champ policier \u00bb, introduction du dossier \u00ab Fronti\u00e8res polici\u00e8res \u00bb (avec Laurent Bonelli et Laurence Proteau) : <em>Soci\u00e9t\u00e9s Contemporaines<\/em> (n\u00b0122), \u00e0 para\u00eetre en 2021.<\/p>\n\n\n\n<p>\u00ab \u00ab&nbsp;Sous la peau \u00bb des policiers. Enqu\u00eate sur les activit\u00e9s de coulisses au travail et hors-travail\u00bb: <em>Soci\u00e9t\u00e9s Contemporaines<\/em> (n\u00b0122), \u00e0 para\u00eetre en 2021.<\/p>\n\n\n\n<p>\u00ab Specialization in Criminal Investigations \u00bb, in de Maillard (J.) et Skogan (W.), (dir.), Policing in France, New York, Routledge, pp.100-115, 2020.<\/p>\n\n\n\n<p>L\u2019\u0153il s\u00e9curitaire. Mythes et r\u00e9alit\u00e9s de la vid\u00e9osurveillance, Paris, La D\u00e9couverte, coll \u00abL\u2019envers des faits \u00bb, 2019.<\/p>\n\n\n\n<p><strong><em>Valorisation de la recherche&nbsp;:<\/em><\/strong><\/p>\n\n\n\n<p>2021 \u00ab La solitude de l\u2019\u0153il militaire \u00bb, dossier de presse \u00ab Il n\u2019y aura plus de nuit \u00bb, film r\u00e9alis\u00e9 par El\u00e9onore Weber (co-\u00e9crit avec Christel Coton).<\/p>\n\n\n\n<p>2019- 2020 Interviews dans des revues sp\u00e9cialis\u00e9es (Revue Justice Actualit\u00e9s, Revue D\u00e9lib\u00e9r\u00e9e) et dans des m\u00e9dias g\u00e9n\u00e9ralistes (Politis, La gazette des communes ; AOC media, Reporterre, AEF Info, Le Point, Mediapart, France soir, Europe 1, Fr\u00e9quence paris plurielle, RFI, France culture, Radio t\u00e9l\u00e9vision suisse, France bleu picardie).<\/p>\n","protected":false},"excerpt":{"rendered":"<p>Sociologue Ma\u00eetresse de conf\u00e9rences au d\u00e9partement de sciences sociales\u00a0: sociologie, ethnologie, d\u00e9mographie (UPJV) Chercheure au centre de recherches sur l\u2019action publique et le politique \u2013 \u00e9pist\u00e9mologie et sciences sociales (CURAPP-ESS\/UMR 7319) Bureau H102 (UPJV- P\u00f4le Citadelle) Contact : elodie.lemaire[at]u-picardie.fr Responsabilit\u00e9s&nbsp;: Co-directrice (avec Nehara Feldman) du d\u00e9partement de sciences sociales : sociologie, ethnologie, d\u00e9mographie, UPJV Membre &#8230; <a title=\"Elodie Lemaire\" class=\"read-more\" href=\"http:\/\/amiens-sociologie.fr\/index.php\/elodie-lemaire\/\">Read more<span class=\"screen-reader-text\">Elodie Lemaire<\/span><\/a><\/p>\n","protected":false},"author":1,"featured_media":0,"parent":0,"menu_order":0,"comment_status":"closed","ping_status":"closed","template":"","meta":[],"_links":{"self":[{"href":"http:\/\/amiens-sociologie.fr\/index.php\/wp-json\/wp\/v2\/pages\/92"}],"collection":[{"href":"http:\/\/amiens-sociologie.fr\/index.php\/wp-json\/wp\/v2\/pages"}],"about":[{"href":"http:\/\/amiens-sociologie.fr\/index.php\/wp-json\/wp\/v2\/types\/page"}],"author":[{"embeddable":true,"href":"http:\/\/amiens-sociologie.fr\/index.php\/wp-json\/wp\/v2\/users\/1"}],"replies":[{"embeddable":true,"href":"http:\/\/amiens-sociologie.fr\/index.php\/wp-json\/wp\/v2\/comments?post=92"}],"version-history":[{"count":7,"href":"http:\/\/amiens-sociologie.fr\/index.php\/wp-json\/wp\/v2\/pages\/92\/revisions"}],"predecessor-version":[{"id":2605,"href":"http:\/\/amiens-sociologie.fr\/index.php\/wp-json\/wp\/v2\/pages\/92\/revisions\/2605"}],"wp:attachment":[{"href":"http:\/\/amiens-sociologie.fr\/index.php\/wp-json\/wp\/v2\/media?parent=92"}],"curies":[{"name":"wp","href":"https:\/\/api.w.org\/{rel}","templated":true}]}}

<p><strong>Sociologue</strong></p>



<p><strong>Maîtresse de conférences au département de sciences sociales : sociologie, ethnologie, démographie (UPJV)</strong></p>



<p><strong>Chercheure au centre de recherches sur l’action publique et le politique – épistémologie et sciences sociales (CURAPP-ESS/UMR 7319)</strong></p>



<p>Bureau H102 (UPJV- Pôle Citadelle)</p>



<p>Contact : elodie.lemaire[at]u-picardie.fr</p>



<p><strong><em>Responsabilités</em></strong><strong>&nbsp;:</strong></p>



<p>Co-directrice (avec Nehara Feldman) du département de sciences sociales : sociologie, ethnologie, démographie, UPJV</p>



<p>Membre (élue) du comité national de la recherche scientifique (CoNRS) – section 36&nbsp;: sociologie et sciences du droit</p>



<p>Membre du groupe de travail «&nbsp;Vie de l’UFR&nbsp;», UFR de Sciences humaines, sociales et philosophie, UPJV</p>



<p>Membre (élue) du conseil de gestion, UFR de Sciences humaines, sociales et philosophie, UPJV</p>



<p>Co-responsable (avec Ana Perrin-Heredia)de l’axe 2 «&nbsp;Rapports sociaux, socialisations et politisations&nbsp;» du laboratoire du CURAPP-ESS (UMR 7319)</p>



<p><strong><em>Enseignements </em></strong><strong>(<em>2021-2022</em>)&nbsp;:</strong></p>



<p>Sociologie de l’Etat, CM, L2</p>



<p>Sociologie de l’Etat et politiques de jeunesse, CM, M2</p>



<p>Sociologie des institutions sanitaires et sociales, CM, M1</p>



<p>Sociologie et histoire, CM/TD, L2</p>



<p>Questions sociales, enjeux sociologiques, CM, L1</p>



<p>Recherche et développement en sciences sociales, TD, M2</p>



<p>Atelier d’écriture – encadrement de mémoire à dimension professionnelle, TD, M2</p>



<p>Analyse secondaire de données&nbsp;: textes et statistiques, TD, L3</p>



<p>Introduction aux méthodes quantitatives en sciences sociales, TD, L1</p>



<p><strong><em>Domaines de recherche</em></strong> :</p>



<p>Sécurité et justice</p>



<p>New public management et division du travail policier</p>



<p>Procédures de construction des chiffres de la délinquance</p>



<p>Vidéosurveillance et fabrique de l’image comme preuve</p>



<p>Pratiques de catégorisation du monde social et construction de groupes sociaux « à risque » Fabrique des collectifs policiers (de et hors – travail)</p>



<p><strong><em>Publications récentes et à paraître&nbsp;:</em></strong></p>



<p>« Pour une sociologie du champ policier », introduction du dossier « Frontières policières » (avec Laurent Bonelli et Laurence Proteau) : <em>Sociétés Contemporaines</em> (n°122), à paraître en 2021.</p>



<p>« «&nbsp;Sous la peau » des policiers. Enquête sur les activités de coulisses au travail et hors-travail»: <em>Sociétés Contemporaines</em> (n°122), à paraître en 2021.</p>



<p>« Specialization in Criminal Investigations », in de Maillard (J.) et Skogan (W.), (dir.), Policing in France, New York, Routledge, pp.100-115, 2020.</p>



<p>L’œil sécuritaire. Mythes et réalités de la vidéosurveillance, Paris, La Découverte, coll «L’envers des faits », 2019.</p>



<p><strong><em>Valorisation de la recherche&nbsp;:</em></strong></p>



<p>2021 « La solitude de l’œil militaire », dossier de presse « Il n’y aura plus de nuit », film réalisé par Eléonore Weber (co-écrit avec Christel Coton).</p>



<p>2019- 2020 Interviews dans des revues spécialisées (Revue Justice Actualités, Revue Délibérée) et dans des médias généralistes (Politis, La gazette des communes ; AOC media, Reporterre, AEF Info, Le Point, Mediapart, France soir, Europe 1, Fréquence paris plurielle, RFI, France culture, Radio télévision suisse, France bleu picardie).</p>

<p>Sociologue Maîtresse de conférences au département de sciences sociales : sociologie, ethnologie, démographie (UPJV) Chercheure au centre de recherches sur l’action publique et le politique – épistémologie et sciences sociales (CURAPP-ESS/UMR 7319) Bureau H102 (UPJV- Pôle Citadelle) Contact : elodie.lemaire[at]u-picardie.fr Responsabilités&nbsp;: Co-directrice (avec Nehara Feldman) du département de sciences sociales : sociologie, ethnologie, démographie, UPJV Membre &#8230; <a title="Elodie Lemaire" class="read-more" href="http://amiens-sociologie.fr/index.php/elodie-lemaire/">Read more<span class="screen-reader-text">Elodie Lemaire</span></a></p>
