{"id":846,"date":"2018-06-04T08:57:58","date_gmt":"2018-06-04T07:57:58","guid":{"rendered":"http:\/\/amiens-sociologie.fr\/?page_id=846"},"modified":"2018-09-12T19:52:52","modified_gmt":"2018-09-12T18:52:52","slug":"marine-belgique-ulb","status":"publish","type":"page","link":"http:\/\/amiens-sociologie.fr\/index.php\/temoignages-detudiants\/marine-belgique-ulb\/","title":{"rendered":"Marine &#8211; Belgique &#8211; Universit\u00e9 ULB"},"content":{"rendered":"<p>Je suis Marine, j\u2019ai \u00e9tudi\u00e9 \u00e0 l\u2019Universit\u00e9 Libre de Bruxelles en Belgique. J\u2019ai valid\u00e9 le semestre 1 de la Licence 2.<\/p>\n<p><strong>Qu\u2019est-ce qui t\u2019a motiv\u00e9 \u00e0 partir dans un programme Erasmus\u00a0? <\/strong><\/p>\n<p style=\"text-align: left;\">Je souhaitais avoir une exp\u00e9rience dans une universit\u00e9 autre que l\u2019UPJV. J\u2019ai d\u00e9couvert l\u2019ULB (Universit\u00e9 Libre de Bruxelles) en parcourant les ententes que l\u2019UPJV a avec d\u2019autres facult\u00e9s de sociologie. Cette universit\u00e9 se trouve dans le Sud Est de Bruxelles. Mon campus (Solbosch) se trouvait dans la commune d\u2019Ixelles.\u00a0\u00a0Ixelles est un endroit avec de nombreux bars et restaurants, il est fr\u00e9quent\u00e9 par une multitude \u00e9tudiants.<\/p>\n<p><img loading=\"lazy\" class=\"alignnone size-medium wp-image-847\" src=\"http:\/\/amiens-sociologie.fr\/wp-content\/uploads\/2018\/06\/photo-campus-300x199.jpg\" alt=\"\" width=\"300\" height=\"199\" srcset=\"http:\/\/amiens-sociologie.fr\/wp-content\/uploads\/2018\/06\/photo-campus-300x199.jpg 300w, http:\/\/amiens-sociologie.fr\/wp-content\/uploads\/2018\/06\/photo-campus.jpg 587w\" sizes=\"(max-width: 300px) 100vw, 300px\" \/><\/p>\n<p>Gr\u00e2ce au programme Erasmus, j\u2019ai pu choisir des cours hors de la mention sociologie (40 pour cent au maximum). J\u2019ai pu assister \u00e0 des cours tels que\u00a0: Histoires des relations internationales, Histoire de la pens\u00e9e politique en plus de mes cours de sociologie. J\u2019ai pu choisir des enseignements en sociologie qui n\u2019\u00e9taient pas forc\u00e9ment dispens\u00e9s dans mon ann\u00e9e de licence, tels que Sociologie de l\u2019\u00e9ducation r\u00e9serv\u00e9e au L3 habituellement \u00e0 l\u2019ULB. Les seules contraintes \u00e9taient l\u2019emploi du temps et de choisir des cours qui permettent une \u00e9quivalence avec les enseignements dispens\u00e9s \u00e0 l\u2019UPJV. Pour cela, j\u2019ai fait valider mon choix de cours par mes coordinateurs p\u00e9dagogiques de France et de Belgique. Les \u00e9quivalences s\u2019effectuent gr\u00e2ce aux ECTS valid\u00e9s (30 par semestre).<\/p>\n<p>La DAI m\u2019a \u00e9galement beaucoup accompagn\u00e9e sur la construction de mon dossier, qui n\u2019est pas une grosse charge. Le personnel de la DAI \u00e9tait tr\u00e8s accessible, notamment par mail et pour toute question. Elle m\u2019a permis \u00e9galement de faire les liens entre mes diff\u00e9rents coordinateurs en scannant et en envoyant les dossiers \u00e0 chacun d\u2019eux. Les responsables p\u00e9dagogiques qui m\u2019ont accompagn\u00e9 durant ce programme ont \u00e9t\u00e9 tr\u00e8s r\u00e9actifs lorsqu\u2019il fallait leur signature\u2026<\/p>\n<p><strong>Comment tu as organis\u00e9 ton d\u00e9part\u00a0? <\/strong><\/p>\n<p>J\u2019ai re\u00e7u tr\u00e8s rapidement un guide pratique de la part de l\u2019ULB, englobant toutes les questions de la vie quotidienne\u00a0: les num\u00e9ros d\u2019urgences, les sites pour trouver des logements, les adresses internet des soci\u00e9t\u00e9s de transports proches de ma facult\u00e9\u2026 Bruxelles se situant \u00e0 2 heures de mon lieu de r\u00e9sidence en France, j\u2019ai pu m\u2019y rendre 2 fois avant la rentr\u00e9e scolaire pour visiter des logements. J\u2019ai trouv\u00e9 de nombreuses opportunit\u00e9s sur le site <a href=\"http:\/\/www.appartager.be\"><em>www.appartager.be<\/em><\/a> par exemple. J\u2019ai commenc\u00e9 mes recherches d\u00e8s le mois de mai afin de trouver un logement adapt\u00e9 \u00e0 mes besoins et avec un budget raisonnable. Cependant, la vie dans la capitale belge reste quand m\u00eame assez ch\u00e8re.<\/p>\n<p>J\u2019ai re\u00e7u une aide financi\u00e8re, en plus de ma bourse du CROUSS, de la DAI, dont le montant d\u00e9pend du pays de destination. Elle est vers\u00e9e seulement apr\u00e8s 2 ou 3 mois apr\u00e8s l\u2019arriv\u00e9e. La bourse AMI (Aide \u00e0 la Mobilit\u00e9 du Minist\u00e8re) est \u00e9galement octroy\u00e9e aux \u00e9tudiants boursiers. Enfin les frais d\u2019inscriptions des universit\u00e9s \u00e9trang\u00e8res ne nous concernent pas lorsque l\u2019ont fait partie du programme d\u2019\u00e9change Erasmus.<\/p>\n<p><strong>Comment s\u2019est pass\u00e9 ton premier cours\u00a0? <\/strong><\/p>\n<p>J\u2019ai choisi en partie la Belgique par rapport \u00e0 la langue fran\u00e7aise, ce qui facilite consid\u00e9rablement la compr\u00e9hension des cours. Cependant on d\u00e9couvre de nouveaux termes, dont on demande l\u2019explication \u00e0 nos voisins de table. L\u2019organisation des cours se fait de mani\u00e8re \u00e0 peu pr\u00e8s similaire \u00e0 l\u2019UPJV\u00a0: la plupart des cours dure 1h30. Les \u00e9tudiants arrivent un peu avant. L\u2019ensemble des cours sont retranscrits sur l\u2019Universit\u00e9 Virtuelle, sous forme manuscrite ou en podcast. Ce qui permet de ne pas \u00eatre p\u00e9nalis\u00e9 en cas d\u2019absence \u00e9ventuelle\u00a0: travail, rendez-vous\u2026<\/p>\n<p>L\u2019ULB est une grosse universit\u00e9 avec plusieurs campus, je me trouvais sur le plus gros d\u2019entre eux\u00a0; il contenait de nombreux b\u00e2timents. Des panneaux signalaient o\u00f9 ils se trouvaient. Pour les \u00e9tages, la particularit\u00e9 est que lorsque l\u2019on entre dans un b\u00e2timent nous somme au niveau 2, le niveau 1 est en dessous, au sous-sol.<\/p>\n<p><strong>Tu peux nous d\u00e9crire bri\u00e8vement ton quotidien\u00a0? <\/strong><\/p>\n<p>J\u2019ai eu la chance de trouver une chambre \u00e0 10 minutes du campus \u00e0 pieds, ce qui me permettait de rentrer r\u00e9guli\u00e8rement le midi\u2026 Au d\u00e9but, il a \u00e9t\u00e9 difficile de nouer des vrais contacts car comme le choix des enseignements est \u00e0 peu pr\u00e8s libre, on se retrouve rarement avec les m\u00eames promotions donc les m\u00eames personnes. Mais peu \u00e0 peu j\u2019ai nou\u00e9e plusieurs amiti\u00e9s\u00a0: \u00e0 l\u2019aide de travaux de groupes, de demandes d\u2019aides\u2026<\/p>\n<p>J\u2019ai fr\u00e9quent\u00e9 un groupe de fran\u00e7aises rencontr\u00e9 durant la r\u00e9union de pr\u00e9sentation pour les Erasmus. Mais \u00e9galement de nombreuses personnes de nationalit\u00e9s diff\u00e9rentes\u00a0: des turcs, des russes, des allemands et des belges bien s\u00fbr. Je me trouvais au c\u0153ur du quartier \u00e9tudiant, j\u2019ai donc pu participer aux nombreuses soir\u00e9es \u00e9tudiantes autour de la bi\u00e8re \u00e9videmment\u00a0!<\/p>\n<p>J\u2019ai \u00e9galement admir\u00e9 la Grand Place plusieurs fois, en prenant les bus de la STIB (compagnie de transport de Bruxelles), fait du shopping Chauss\u00e9e d\u2019Ixelles, visit\u00e9 l\u2019Atomium, le Mus\u00e9e Magritte ou encore le Parlementarium. En 1 semestre je n\u2019ai pas eu le temps de voyager dans les villes adjacentes mais de nombreux amis m\u2019en ont parl\u00e9\u00a0: Bruges, Gent\u2026 J\u2019ai eu la chance \u00e9galement d\u2019assister au March\u00e9 de No\u00ebl de Bruxelles place de la Bourse.<\/p>\n<p><img loading=\"lazy\" class=\"alignnone size-medium wp-image-848\" src=\"http:\/\/amiens-sociologie.fr\/wp-content\/uploads\/2018\/06\/mus\u00e9e-Magritte-300x200.jpg\" alt=\"\" width=\"300\" height=\"200\" srcset=\"http:\/\/amiens-sociologie.fr\/wp-content\/uploads\/2018\/06\/mus\u00e9e-Magritte-300x200.jpg 300w, http:\/\/amiens-sociologie.fr\/wp-content\/uploads\/2018\/06\/mus\u00e9e-Magritte.jpg 600w\" sizes=\"(max-width: 300px) 100vw, 300px\" \/><\/p>\n<p>Je rentrais en France environ 1 fois par mois gr\u00e2ce au site de covoiturage Blablacar pour 10-15 euros. Dans Bruxelles une voiture n\u2019est pas utile vu le nombre de transports en commun (tramway, bus\u2026), de plus le stationnement est payant partout et assez on\u00e9reux.<\/p>\n<p><strong>Qu\u2019est-ce que tu as envie de dire aux \u00e9tudiants de sociologie qui h\u00e9sitent \u00e0 partir\u00a0? <\/strong><\/p>\n<p>Erasmus est une tr\u00e8s bonne exp\u00e9rience humaine\u00a0: on rencontre des personnes diff\u00e9rentes mais aussi des habitudes diff\u00e9rentes, tr\u00e8s int\u00e9ressantes \u00e0 questionner dans notre fili\u00e8re. Le fait de partir \u00e0 l\u2019\u00e9tranger est toujours un bonus dans le CV et dans le parcours universitaire. D\u00e9couvrir de nouvelles mani\u00e8res d\u2019enseigner peut-\u00eatre tr\u00e8s stimulant. Les \u00e9tudes sont le moment id\u00e9al pour avoir de nouvelles exp\u00e9riences sans que cela n\u2019ait un trop gros impact financier.<\/p>\n<table>\n<tbody>\n<tr>\n<td width=\"406\"><\/td>\n<\/tr>\n<\/tbody>\n<\/table>\n","protected":false},"excerpt":{"rendered":"<p>Je suis Marine, j\u2019ai \u00e9tudi\u00e9 \u00e0 l\u2019Universit\u00e9 Libre de Bruxelles en Belgique. J\u2019ai valid\u00e9 le semestre 1 de la Licence 2. Qu\u2019est-ce qui t\u2019a motiv\u00e9 \u00e0 partir dans un programme Erasmus\u00a0? Je souhaitais avoir une exp\u00e9rience dans une universit\u00e9 autre que l\u2019UPJV. J\u2019ai d\u00e9couvert l\u2019ULB (Universit\u00e9 Libre de Bruxelles) en parcourant les ententes que l\u2019UPJV &#8230; <a title=\"Marine &#8211; Belgique &#8211; Universit\u00e9 ULB\" class=\"read-more\" href=\"http:\/\/amiens-sociologie.fr\/index.php\/temoignages-detudiants\/marine-belgique-ulb\/\">Read more<span class=\"screen-reader-text\">Marine &#8211; Belgique &#8211; Universit\u00e9 ULB<\/span><\/a><\/p>\n","protected":false},"author":13,"featured_media":0,"parent":225,"menu_order":0,"comment_status":"closed","ping_status":"closed","template":"","meta":[],"_links":{"self":[{"href":"http:\/\/amiens-sociologie.fr\/index.php\/wp-json\/wp\/v2\/pages\/846"}],"collection":[{"href":"http:\/\/amiens-sociologie.fr\/index.php\/wp-json\/wp\/v2\/pages"}],"about":[{"href":"http:\/\/amiens-sociologie.fr\/index.php\/wp-json\/wp\/v2\/types\/page"}],"author":[{"embeddable":true,"href":"http:\/\/amiens-sociologie.fr\/index.php\/wp-json\/wp\/v2\/users\/13"}],"replies":[{"embeddable":true,"href":"http:\/\/amiens-sociologie.fr\/index.php\/wp-json\/wp\/v2\/comments?post=846"}],"version-history":[{"count":3,"href":"http:\/\/amiens-sociologie.fr\/index.php\/wp-json\/wp\/v2\/pages\/846\/revisions"}],"predecessor-version":[{"id":988,"href":"http:\/\/amiens-sociologie.fr\/index.php\/wp-json\/wp\/v2\/pages\/846\/revisions\/988"}],"up":[{"embeddable":true,"href":"http:\/\/amiens-sociologie.fr\/index.php\/wp-json\/wp\/v2\/pages\/225"}],"wp:attachment":[{"href":"http:\/\/amiens-sociologie.fr\/index.php\/wp-json\/wp\/v2\/media?parent=846"}],"curies":[{"name":"wp","href":"https:\/\/api.w.org\/{rel}","templated":true}]}}

Marine &#8211; Belgique &#8211; Université ULB

<p>Je suis Marine, j’ai étudié à l’Université Libre de Bruxelles en Belgique. J’ai validé le semestre 1 de la Licence 2.</p>
<p><strong>Qu’est-ce qui t’a motivé à partir dans un programme Erasmus ? </strong></p>
<p style="text-align: left;">Je souhaitais avoir une expérience dans une université autre que l’UPJV. J’ai découvert l’ULB (Université Libre de Bruxelles) en parcourant les ententes que l’UPJV a avec d’autres facultés de sociologie. Cette université se trouve dans le Sud Est de Bruxelles. Mon campus (Solbosch) se trouvait dans la commune d’Ixelles.  Ixelles est un endroit avec de nombreux bars et restaurants, il est fréquenté par une multitude étudiants.</p>
<p><img loading="lazy" class="alignnone size-medium wp-image-847" src="http://amiens-sociologie.fr/wp-content/uploads/2018/06/photo-campus-300x199.jpg" alt="" width="300" height="199" srcset="http://amiens-sociologie.fr/wp-content/uploads/2018/06/photo-campus-300x199.jpg 300w, http://amiens-sociologie.fr/wp-content/uploads/2018/06/photo-campus.jpg 587w" sizes="(max-width: 300px) 100vw, 300px" /></p>
<p>Grâce au programme Erasmus, j’ai pu choisir des cours hors de la mention sociologie (40 pour cent au maximum). J’ai pu assister à des cours tels que : Histoires des relations internationales, Histoire de la pensée politique en plus de mes cours de sociologie. J’ai pu choisir des enseignements en sociologie qui n’étaient pas forcément dispensés dans mon année de licence, tels que Sociologie de l’éducation réservée au L3 habituellement à l’ULB. Les seules contraintes étaient l’emploi du temps et de choisir des cours qui permettent une équivalence avec les enseignements dispensés à l’UPJV. Pour cela, j’ai fait valider mon choix de cours par mes coordinateurs pédagogiques de France et de Belgique. Les équivalences s’effectuent grâce aux ECTS validés (30 par semestre).</p>
<p>La DAI m’a également beaucoup accompagnée sur la construction de mon dossier, qui n’est pas une grosse charge. Le personnel de la DAI était très accessible, notamment par mail et pour toute question. Elle m’a permis également de faire les liens entre mes différents coordinateurs en scannant et en envoyant les dossiers à chacun d’eux. Les responsables pédagogiques qui m’ont accompagné durant ce programme ont été très réactifs lorsqu’il fallait leur signature…</p>
<p><strong>Comment tu as organisé ton départ ? </strong></p>
<p>J’ai reçu très rapidement un guide pratique de la part de l’ULB, englobant toutes les questions de la vie quotidienne : les numéros d’urgences, les sites pour trouver des logements, les adresses internet des sociétés de transports proches de ma faculté… Bruxelles se situant à 2 heures de mon lieu de résidence en France, j’ai pu m’y rendre 2 fois avant la rentrée scolaire pour visiter des logements. J’ai trouvé de nombreuses opportunités sur le site <a href="http://www.appartager.be"><em>www.appartager.be</em></a> par exemple. J’ai commencé mes recherches dès le mois de mai afin de trouver un logement adapté à mes besoins et avec un budget raisonnable. Cependant, la vie dans la capitale belge reste quand même assez chère.</p>
<p>J’ai reçu une aide financière, en plus de ma bourse du CROUSS, de la DAI, dont le montant dépend du pays de destination. Elle est versée seulement après 2 ou 3 mois après l’arrivée. La bourse AMI (Aide à la Mobilité du Ministère) est également octroyée aux étudiants boursiers. Enfin les frais d’inscriptions des universités étrangères ne nous concernent pas lorsque l’ont fait partie du programme d’échange Erasmus.</p>
<p><strong>Comment s’est passé ton premier cours ? </strong></p>
<p>J’ai choisi en partie la Belgique par rapport à la langue française, ce qui facilite considérablement la compréhension des cours. Cependant on découvre de nouveaux termes, dont on demande l’explication à nos voisins de table. L’organisation des cours se fait de manière à peu près similaire à l’UPJV : la plupart des cours dure 1h30. Les étudiants arrivent un peu avant. L’ensemble des cours sont retranscrits sur l’Université Virtuelle, sous forme manuscrite ou en podcast. Ce qui permet de ne pas être pénalisé en cas d’absence éventuelle : travail, rendez-vous…</p>
<p>L’ULB est une grosse université avec plusieurs campus, je me trouvais sur le plus gros d’entre eux ; il contenait de nombreux bâtiments. Des panneaux signalaient où ils se trouvaient. Pour les étages, la particularité est que lorsque l’on entre dans un bâtiment nous somme au niveau 2, le niveau 1 est en dessous, au sous-sol.</p>
<p><strong>Tu peux nous décrire brièvement ton quotidien ? </strong></p>
<p>J’ai eu la chance de trouver une chambre à 10 minutes du campus à pieds, ce qui me permettait de rentrer régulièrement le midi… Au début, il a été difficile de nouer des vrais contacts car comme le choix des enseignements est à peu près libre, on se retrouve rarement avec les mêmes promotions donc les mêmes personnes. Mais peu à peu j’ai nouée plusieurs amitiés : à l’aide de travaux de groupes, de demandes d’aides…</p>
<p>J’ai fréquenté un groupe de françaises rencontré durant la réunion de présentation pour les Erasmus. Mais également de nombreuses personnes de nationalités différentes : des turcs, des russes, des allemands et des belges bien sûr. Je me trouvais au cœur du quartier étudiant, j’ai donc pu participer aux nombreuses soirées étudiantes autour de la bière évidemment !</p>
<p>J’ai également admiré la Grand Place plusieurs fois, en prenant les bus de la STIB (compagnie de transport de Bruxelles), fait du shopping Chaussée d’Ixelles, visité l’Atomium, le Musée Magritte ou encore le Parlementarium. En 1 semestre je n’ai pas eu le temps de voyager dans les villes adjacentes mais de nombreux amis m’en ont parlé : Bruges, Gent… J’ai eu la chance également d’assister au Marché de Noël de Bruxelles place de la Bourse.</p>
<p><img loading="lazy" class="alignnone size-medium wp-image-848" src="http://amiens-sociologie.fr/wp-content/uploads/2018/06/musée-Magritte-300x200.jpg" alt="" width="300" height="200" srcset="http://amiens-sociologie.fr/wp-content/uploads/2018/06/musée-Magritte-300x200.jpg 300w, http://amiens-sociologie.fr/wp-content/uploads/2018/06/musée-Magritte.jpg 600w" sizes="(max-width: 300px) 100vw, 300px" /></p>
<p>Je rentrais en France environ 1 fois par mois grâce au site de covoiturage Blablacar pour 10-15 euros. Dans Bruxelles une voiture n’est pas utile vu le nombre de transports en commun (tramway, bus…), de plus le stationnement est payant partout et assez onéreux.</p>
<p><strong>Qu’est-ce que tu as envie de dire aux étudiants de sociologie qui hésitent à partir ? </strong></p>
<p>Erasmus est une très bonne expérience humaine : on rencontre des personnes différentes mais aussi des habitudes différentes, très intéressantes à questionner dans notre filière. Le fait de partir à l’étranger est toujours un bonus dans le CV et dans le parcours universitaire. Découvrir de nouvelles manières d’enseigner peut-être très stimulant. Les études sont le moment idéal pour avoir de nouvelles expériences sans que cela n’ait un trop gros impact financier.</p>
<table>
<tbody>
<tr>
<td width="406"></td>
</tr>
</tbody>
</table>

<p>Je suis Marine, j’ai étudié à l’Université Libre de Bruxelles en Belgique. J’ai validé le semestre 1 de la Licence 2. Qu’est-ce qui t’a motivé à partir dans un programme Erasmus ? Je souhaitais avoir une expérience dans une université autre que l’UPJV. J’ai découvert l’ULB (Université Libre de Bruxelles) en parcourant les ententes que l’UPJV &#8230; <a title="Marine &#8211; Belgique &#8211; Université ULB" class="read-more" href="http://amiens-sociologie.fr/index.php/temoignages-detudiants/marine-belgique-ulb/">Read more<span class="screen-reader-text">Marine &#8211; Belgique &#8211; Université ULB</span></a></p>
