{"id":280,"date":"2017-10-10T08:30:08","date_gmt":"2017-10-10T07:30:08","guid":{"rendered":"http:\/\/amiens-sociologie.fr\/?page_id=280"},"modified":"2023-09-05T16:02:57","modified_gmt":"2023-09-05T15:02:57","slug":"auteurs-contemporains-cm-l3s6","status":"publish","type":"page","link":"http:\/\/amiens-sociologie.fr\/index.php\/auteurs-contemporains-cm-l3s6\/","title":{"rendered":"Auteurs contemporains 3 (CM, L3S6)"},"content":{"rendered":"\n<p><strong>Cours d\u2019Isabelle CHARPENTIER<\/strong> <strong>&#8211; L3 Sciences sociales &#8211; Disciplinaires Sociologie<\/strong> <strong>(obligatoire), optionnel pour le Parcours Ethnologie et le Parcours Sciences sanitaires et sociales<\/strong><\/p>\n\n\n\n<p><strong>icharpentier@yahoo.fr<\/strong> ou isabelle.charpentier@u-picardie.fr<\/p>\n\n\n\n<p><strong>CM de 18 heures \u2013 3 ects<\/strong><\/p>\n\n\n\n<h2><strong>R\u00e9sum\u00e9<\/strong><\/h2>\n\n\n\n<p>Ax\u00e9 sur un th\u00e8me sociologique choisi par les \u00e9tudiant-e-s sur la base de propositions faites par l\u2019enseignante, ce cours pr\u00e9sentera les courants et auteur-e-s fondamentaux du champ de recherche retenu, afin de rendre compte de l\u2019\u00e9volution des principales orientations th\u00e9oriques affectant les questionnements. Indissociablement, des liens seront \u00e9tablis avec des questions contemporaines pour mettre en \u00e9vidence l\u2019actualit\u00e9 de ces cadres et outils conceptuels, dans lesquels se trouvent investis des enjeux qui traversent des d\u00e9bats d\u2019actualit\u00e9.<\/p>\n\n\n\n<h2><strong>Liste des th\u00e8mes propos\u00e9s :<\/strong><\/h2>\n\n\n\n<ol type=\"1\"><li>Introduction \u00e0 la sociologie des m\u00e9dias\u00a01. Les mod\u00e8les d\u2019analyse<\/li><li>Introduction \u00e0 la sociologie des m\u00e9dias\u00a02. Syst\u00e8mes de production et professionnels<\/li><li>Genre et m\u00e9dias<\/li><li>Genre et pratiques culturelles et artistiques<\/li><li>Sociologie et anthropologie de la sexualit\u00e9<\/li><li>La stratification sociale\u00a0: castes, ordres, classes sociales<\/li><li>Sociologie des classes moyennes <em>(si vous choisissez Sociologie de la bourgeoisie pour la 1<sup>\u00e8re<\/sup> partie du CM Sociologie des rapports de classes)<\/em><\/li><li>Sociologie des classes sup\u00e9rieures <em>(si vous choisissez Sociologie des classes moyennes pour la 1<sup>\u00e8re<\/sup> partie du CM Sociologie des rapports de classes)<\/em><\/li><li>Sociologie du vote et des comportements \u00e9lectoraux<\/li><li>\u00c2ge, genre et politique<\/li><li>Sociologie des professionnels de la politique<\/li><li>Sociologie de la construction des probl\u00e8mes publics<\/li><li>Introduction \u00e0 la sociologie des relations internationales\u00a0: caract\u00e9ristiques et acteurs de la sc\u00e8ne internationale contemporaine<\/li><li>La sociologie interactionniste<\/li><li>La sociologie de Pierre Bourdieu<\/li><\/ol>\n\n\n\n<h2><strong>Modalit\u00e9s d&#8217;\u00e9valuation<\/strong><\/h2>\n\n\n\n<p>Ce CM est \u00e9valu\u00e9, en contr\u00f4le continu, par un oral. Chaque \u00e9tudiant-e tire au sort 4 questions de cours et en choisit 2, qu&#8217;elle-il traitera de mani\u00e8re construite apr\u00e8s une vingtaine de minutes de pr\u00e9paration. Les modalit\u00e9s de la session de rattrapage sont les m\u00eames qu&#8217;en 1\u00e8re session.<\/p>\n","protected":false},"excerpt":{"rendered":"<p>Cours d\u2019Isabelle CHARPENTIER &#8211; L3 Sciences sociales &#8211; Disciplinaires Sociologie (obligatoire), optionnel pour le Parcours Ethnologie et le Parcours Sciences sanitaires et sociales icharpentier@yahoo.fr ou isabelle.charpentier@u-picardie.fr CM de 18 heures \u2013 3 ects R\u00e9sum\u00e9 Ax\u00e9 sur un th\u00e8me sociologique choisi par les \u00e9tudiant-e-s sur la base de propositions faites par l\u2019enseignante, ce cours pr\u00e9sentera les &#8230; <a title=\"Auteurs contemporains 3 (CM, L3S6)\" class=\"read-more\" href=\"http:\/\/amiens-sociologie.fr\/index.php\/auteurs-contemporains-cm-l3s6\/\">Read more<span class=\"screen-reader-text\">Auteurs contemporains 3 (CM, L3S6)<\/span><\/a><\/p>\n","protected":false},"author":1,"featured_media":0,"parent":0,"menu_order":0,"comment_status":"closed","ping_status":"closed","template":"","meta":[],"_links":{"self":[{"href":"http:\/\/amiens-sociologie.fr\/index.php\/wp-json\/wp\/v2\/pages\/280"}],"collection":[{"href":"http:\/\/amiens-sociologie.fr\/index.php\/wp-json\/wp\/v2\/pages"}],"about":[{"href":"http:\/\/amiens-sociologie.fr\/index.php\/wp-json\/wp\/v2\/types\/page"}],"author":[{"embeddable":true,"href":"http:\/\/amiens-sociologie.fr\/index.php\/wp-json\/wp\/v2\/users\/1"}],"replies":[{"embeddable":true,"href":"http:\/\/amiens-sociologie.fr\/index.php\/wp-json\/wp\/v2\/comments?post=280"}],"version-history":[{"count":14,"href":"http:\/\/amiens-sociologie.fr\/index.php\/wp-json\/wp\/v2\/pages\/280\/revisions"}],"predecessor-version":[{"id":3041,"href":"http:\/\/amiens-sociologie.fr\/index.php\/wp-json\/wp\/v2\/pages\/280\/revisions\/3041"}],"wp:attachment":[{"href":"http:\/\/amiens-sociologie.fr\/index.php\/wp-json\/wp\/v2\/media?parent=280"}],"curies":[{"name":"wp","href":"https:\/\/api.w.org\/{rel}","templated":true}]}}