{"id":2315,"date":"2020-12-16T19:41:28","date_gmt":"2020-12-16T18:41:28","guid":{"rendered":"http:\/\/amiens-sociologie.fr\/?page_id=2315"},"modified":"2023-09-05T16:12:05","modified_gmt":"2023-09-05T15:12:05","slug":"l3-s6-sociologie-des-rapports-de-classe","status":"publish","type":"page","link":"http:\/\/amiens-sociologie.fr\/index.php\/l3-s6-sociologie-des-rapports-de-classe\/","title":{"rendered":"CM Sociologie des rapports de classe L3S6"},"content":{"rendered":"\n<p><strong>Cours d\u2019Isabelle CHARPENTIER &amp; Pascal DEPOORTER<\/strong><\/p>\n\n\n\n<p><a href=\"mailto:icharpentier@yahoo.fr\"><strong>icharpentier@yahoo.fr<\/strong><\/a><strong> ou isabelle.charpentier@u-picardie.fr<\/strong><\/p>\n\n\n\n<p>pascal.depoorter@u-picardie.fr<\/p>\n\n\n\n<p><strong>CM de 12 heures + 12 heures<\/strong> <strong>&#8211; UE Disciplinaires communes<\/strong><\/p>\n\n\n\n<figure class=\"wp-block-image size-large\"><img loading=\"lazy\" width=\"682\" height=\"850\" src=\"http:\/\/amiens-sociologie.fr\/wp-content\/uploads\/2020\/12\/Anti-capitalism_color.gif\" alt=\"\" class=\"wp-image-2347\"\/><\/figure>\n\n\n\n<p><em>Une repr\u00e9sentation de la pyramide sociale dans la soci\u00e9t\u00e9 capitaliste selon le syndicat Industrial Workers of the World (IWW) &#8211; syndicat international fond\u00e9 aux Etats-Unis en 1905 militant pour l&#8217;abolition du salariat  &#8211; en 1911. Source : Wikipedia<\/em><\/p>\n\n\n\n<h2><strong><u>R\u00e9sum\u00e9<\/u><\/strong><\/h2>\n\n\n\n<p>Ce cours propose une analyse de la stratification sociale, de l\u2019organisation et des rapports des classes sociales qui composent la soci\u00e9t\u00e9 fran\u00e7aise contemporaine. <\/p>\n\n\n\n<p>Dans la 1\u00e8re partie du cours, assur\u00e9e par Isabelle Charpentier, nous analyserons l\u2019h\u00e9t\u00e9rog\u00e9n\u00e9it\u00e9 sociologique des classes moyennes et ses enjeux <strong>OU <\/strong>la sociologie des classes sup\u00e9rieures, au choix des \u00e9tudiant-es. Dans la seconde partie, Pascal Depoorter analysera les mutations que connaissent les classes populaires.<\/p>\n\n\n\n<h2><strong><u>Modalit\u00e9s d&#8217;\u00e9valuation\u00a0:<\/u> <\/strong><\/h2>\n\n\n\n<p>Un examen terminal \u00e9crit (ETE) de 2 h au cours duquel les \u00e9tudiant-e-s traiteront, pour chaque cours, 10 questions de cours. Aucun document ne sera autoris\u00e9. Les modalit\u00e9s de la session de rattrapage sont les m\u00eames que celles de la premi\u00e8re session d&#8217;examen.<\/p>\n\n\n\n<h2><\/h2>\n\n\n\n<div class=\"wp-block-file\"><a href=\"http:\/\/amiens-sociologie.fr\/wp-content\/uploads\/2020\/12\/CM-TD-L3-Sociologie-des-classes-moyennes-Plan-Biblio-Annexes.docx\">CM-TD-L3-Sociologie-des-classes-moyennes-Plan-Biblio-Annexes<\/a><a href=\"http:\/\/amiens-sociologie.fr\/wp-content\/uploads\/2020\/12\/CM-TD-L3-Sociologie-des-classes-moyennes-Plan-Biblio-Annexes.docx\" class=\"wp-block-file__button\" download>Download<\/a><\/div>\n","protected":false},"excerpt":{"rendered":"<p>Cours d\u2019Isabelle CHARPENTIER &amp; Pascal DEPOORTER icharpentier@yahoo.fr ou isabelle.charpentier@u-picardie.fr pascal.depoorter@u-picardie.fr CM de 12 heures + 12 heures &#8211; UE Disciplinaires communes Une repr\u00e9sentation de la pyramide sociale dans la soci\u00e9t\u00e9 capitaliste selon le syndicat Industrial Workers of the World (IWW) &#8211; syndicat international fond\u00e9 aux Etats-Unis en 1905 militant pour l&#8217;abolition du salariat &#8211; en &#8230; <a title=\"CM Sociologie des rapports de classe L3S6\" class=\"read-more\" href=\"http:\/\/amiens-sociologie.fr\/index.php\/l3-s6-sociologie-des-rapports-de-classe\/\">Read more<span class=\"screen-reader-text\">CM Sociologie des rapports de classe L3S6<\/span><\/a><\/p>\n","protected":false},"author":1,"featured_media":0,"parent":0,"menu_order":0,"comment_status":"closed","ping_status":"closed","template":"","meta":[],"_links":{"self":[{"href":"http:\/\/amiens-sociologie.fr\/index.php\/wp-json\/wp\/v2\/pages\/2315"}],"collection":[{"href":"http:\/\/amiens-sociologie.fr\/index.php\/wp-json\/wp\/v2\/pages"}],"about":[{"href":"http:\/\/amiens-sociologie.fr\/index.php\/wp-json\/wp\/v2\/types\/page"}],"author":[{"embeddable":true,"href":"http:\/\/amiens-sociologie.fr\/index.php\/wp-json\/wp\/v2\/users\/1"}],"replies":[{"embeddable":true,"href":"http:\/\/amiens-sociologie.fr\/index.php\/wp-json\/wp\/v2\/comments?post=2315"}],"version-history":[{"count":5,"href":"http:\/\/amiens-sociologie.fr\/index.php\/wp-json\/wp\/v2\/pages\/2315\/revisions"}],"predecessor-version":[{"id":3043,"href":"http:\/\/amiens-sociologie.fr\/index.php\/wp-json\/wp\/v2\/pages\/2315\/revisions\/3043"}],"wp:attachment":[{"href":"http:\/\/amiens-sociologie.fr\/index.php\/wp-json\/wp\/v2\/media?parent=2315"}],"curies":[{"name":"wp","href":"https:\/\/api.w.org\/{rel}","templated":true}]}}

<p><strong>Cours d’Isabelle CHARPENTIER &amp; Pascal DEPOORTER</strong></p>



<p><a href="mailto:icharpentier@yahoo.fr"><strong>icharpentier@yahoo.fr</strong></a><strong> ou isabelle.charpentier@u-picardie.fr</strong></p>



<p>pascal.depoorter@u-picardie.fr</p>



<p><strong>CM de 12 heures + 12 heures</strong> <strong>&#8211; UE Disciplinaires communes</strong></p>



<figure class="wp-block-image size-large"><img loading="lazy" width="682" height="850" src="http://amiens-sociologie.fr/wp-content/uploads/2020/12/Anti-capitalism_color.gif" alt="" class="wp-image-2347"/></figure>



<p><em>Une représentation de la pyramide sociale dans la société capitaliste selon le syndicat Industrial Workers of the World (IWW) &#8211; syndicat international fondé aux Etats-Unis en 1905 militant pour l&#8217;abolition du salariat  &#8211; en 1911. Source : Wikipedia</em></p>



<h2><strong><u>Résumé</u></strong></h2>



<p>Ce cours propose une analyse de la stratification sociale, de l’organisation et des rapports des classes sociales qui composent la société française contemporaine. </p>



<p>Dans la 1ère partie du cours, assurée par Isabelle Charpentier, nous analyserons l’hétérogénéité sociologique des classes moyennes et ses enjeux <strong>OU </strong>la sociologie des classes supérieures, au choix des étudiant-es. Dans la seconde partie, Pascal Depoorter analysera les mutations que connaissent les classes populaires.</p>



<h2><strong><u>Modalités d&#8217;évaluation :</u> </strong></h2>



<p>Un examen terminal écrit (ETE) de 2 h au cours duquel les étudiant-e-s traiteront, pour chaque cours, 10 questions de cours. Aucun document ne sera autorisé. Les modalités de la session de rattrapage sont les mêmes que celles de la première session d&#8217;examen.</p>



<h2></h2>



<div class="wp-block-file"><a href="http://amiens-sociologie.fr/wp-content/uploads/2020/12/CM-TD-L3-Sociologie-des-classes-moyennes-Plan-Biblio-Annexes.docx">CM-TD-L3-Sociologie-des-classes-moyennes-Plan-Biblio-Annexes</a><a href="http://amiens-sociologie.fr/wp-content/uploads/2020/12/CM-TD-L3-Sociologie-des-classes-moyennes-Plan-Biblio-Annexes.docx" class="wp-block-file__button" download>Download</a></div>

<p>Cours d’Isabelle CHARPENTIER &amp; Pascal DEPOORTER icharpentier@yahoo.fr ou isabelle.charpentier@u-picardie.fr pascal.depoorter@u-picardie.fr CM de 12 heures + 12 heures &#8211; UE Disciplinaires communes Une représentation de la pyramide sociale dans la société capitaliste selon le syndicat Industrial Workers of the World (IWW) &#8211; syndicat international fondé aux Etats-Unis en 1905 militant pour l&#8217;abolition du salariat &#8211; en &#8230; <a title="CM Sociologie des rapports de classe L3S6" class="read-more" href="http://amiens-sociologie.fr/index.php/l3-s6-sociologie-des-rapports-de-classe/">Read more<span class="screen-reader-text">CM Sociologie des rapports de classe L3S6</span></a></p>
