{"id":223,"date":"2017-10-05T17:52:43","date_gmt":"2017-10-05T16:52:43","guid":{"rendered":"http:\/\/amiens-sociologie.fr\/?page_id=223"},"modified":"2018-09-13T11:12:46","modified_gmt":"2018-09-13T10:12:46","slug":"description-du-dispositif","status":"publish","type":"page","link":"http:\/\/amiens-sociologie.fr\/index.php\/description-du-dispositif\/","title":{"rendered":"Description du dispositif"},"content":{"rendered":"<p>L\u2019UPJV propose aux \u00e9tudiant.es de Sciences Humaines et Sociales <span style=\"color: #3366ff;\">des programmes de mobilit\u00e9<\/span>\u00a0:<\/p>\n<ul>\n<li>Programme Erasmus+<\/li>\n<li>Programme ISEP<\/li>\n<li>Programme BCI<\/li>\n<li>Convention bilat\u00e9rales<\/li>\n<\/ul>\n<p>Vous pouvez \u00e9galement effectuer <span style=\"color: #3366ff;\">un stage \u00e0 l\u2019\u00e9tranger<\/span> selon certaines conditions.<\/p>\n<p>Pour construire votre projet\u00a0:<\/p>\n<ul>\n<li>D\u00e9couvrez les <span style=\"color: #3366ff;\">t\u00e9moignages<\/span> d\u2019\u00e9tudiant.es qui ont v\u00e9cu cette riche exp\u00e9rience.<\/li>\n<\/ul>\n<p>Via le blog du d\u00e9partement, cliquez sur le sous-item \u2013 T\u00e9moignage.<\/p>\n<ul>\n<li>Parcourez la page de la <span style=\"color: #3366ff;\">Direction des Relations Internationales<\/span> (DRI)\u00a0:<\/li>\n<\/ul>\n<p>https:\/\/www.u-picardie.fr\/international\/<\/p>\n<ul>\n<li>Choisissez le programme de mobilit\u00e9 ou le stage \u00e0 l\u2019\u00e9tranger qui vous convient en t\u00e9l\u00e9chargeant les pdf suivants\u00a0:<\/li>\n<\/ul>\n<p><span style=\"color: #3366ff;\"><a style=\"color: #3366ff;\" href=\"http:\/\/amiens-sociologie.fr\/wp-content\/uploads\/2018\/09\/Programmes-de-mobilit\u00e9-et-stage-\u00e0-l\u00e9tranger.pdf\">Programmes de mobilit\u00e9 et stage \u00e0 l&#8217;\u00e9tranger<\/a><\/span><\/p>\n<p><a href=\"http:\/\/amiens-sociologie.fr\/wp-content\/uploads\/2018\/09\/organisation-mobilite-erasmus.pdf\"><span style=\"color: #3366ff;\">organisation-mobilite-erasmus<\/span><\/a><\/p>\n<p>Pour concr\u00e9tiser votre d\u00e9marche, d\u00e9placez-vous \u00e0 la DRI, vous y serez tr\u00e8s bien acceuili.es\u00a0:<\/p>\n<ul>\n<li>11 rue des Francs M\u00fbriers, 80\u00a0000 Amiens<\/li>\n<li>03 22 82 72 51<\/li>\n<li><a href=\"mailto:dri@u-picardie.fr\"><span style=\"color: #000000;\">dri@u-picardie.fr<\/span><\/a><\/li>\n<\/ul>\n<p>Pour vous aider \u00e0 finaliser votre projet, discutez avec les responsables des relations internationales du d\u00e9partement\u00a0: <span style=\"color: #3366ff;\">Virginie Descoutures et Laure Hadj<\/span> . Elles sont en charge de signer votre contrat p\u00e9dagogique c&#8217;est-\u00e0-dire vos choix d&#8217;enseignements \u00e0 valider dans l\u2019universit\u00e9 d\u2019accueil. Pour demander un RDV, merci d\u2019envoyer un mail aux adresses suivantes\u00a0:<\/p>\n<ul>\n<li>virginie.descoutures@u-picardie.fr<\/li>\n<li><span style=\"color: #000000;\"><a style=\"color: #000000;\" href=\"mailto:laure.hadj@u-picardie.fr\">laure.hadj@u-picardie.fr<\/a><\/span><\/li>\n<\/ul>\n","protected":false},"excerpt":{"rendered":"<p>L\u2019UPJV propose aux \u00e9tudiant.es de Sciences Humaines et Sociales des programmes de mobilit\u00e9\u00a0: Programme Erasmus+ Programme ISEP Programme BCI Convention bilat\u00e9rales Vous pouvez \u00e9galement effectuer un stage \u00e0 l\u2019\u00e9tranger selon certaines conditions. Pour construire votre projet\u00a0: D\u00e9couvrez les t\u00e9moignages d\u2019\u00e9tudiant.es qui ont v\u00e9cu cette riche exp\u00e9rience. Via le blog du d\u00e9partement, cliquez sur le sous-item &#8230; <a title=\"Description du dispositif\" class=\"read-more\" href=\"http:\/\/amiens-sociologie.fr\/index.php\/description-du-dispositif\/\">Read more<span class=\"screen-reader-text\">Description du dispositif<\/span><\/a><\/p>\n","protected":false},"author":1,"featured_media":0,"parent":0,"menu_order":0,"comment_status":"closed","ping_status":"closed","template":"","meta":[],"_links":{"self":[{"href":"http:\/\/amiens-sociologie.fr\/index.php\/wp-json\/wp\/v2\/pages\/223"}],"collection":[{"href":"http:\/\/amiens-sociologie.fr\/index.php\/wp-json\/wp\/v2\/pages"}],"about":[{"href":"http:\/\/amiens-sociologie.fr\/index.php\/wp-json\/wp\/v2\/types\/page"}],"author":[{"embeddable":true,"href":"http:\/\/amiens-sociologie.fr\/index.php\/wp-json\/wp\/v2\/users\/1"}],"replies":[{"embeddable":true,"href":"http:\/\/amiens-sociologie.fr\/index.php\/wp-json\/wp\/v2\/comments?post=223"}],"version-history":[{"count":4,"href":"http:\/\/amiens-sociologie.fr\/index.php\/wp-json\/wp\/v2\/pages\/223\/revisions"}],"predecessor-version":[{"id":991,"href":"http:\/\/amiens-sociologie.fr\/index.php\/wp-json\/wp\/v2\/pages\/223\/revisions\/991"}],"wp:attachment":[{"href":"http:\/\/amiens-sociologie.fr\/index.php\/wp-json\/wp\/v2\/media?parent=223"}],"curies":[{"name":"wp","href":"https:\/\/api.w.org\/{rel}","templated":true}]}}

<p>L’UPJV propose aux étudiant.es de Sciences Humaines et Sociales <span style="color: #3366ff;">des programmes de mobilité</span> :</p>
<ul>
<li>Programme Erasmus+</li>
<li>Programme ISEP</li>
<li>Programme BCI</li>
<li>Convention bilatérales</li>
</ul>
<p>Vous pouvez également effectuer <span style="color: #3366ff;">un stage à l’étranger</span> selon certaines conditions.</p>
<p>Pour construire votre projet :</p>
<ul>
<li>Découvrez les <span style="color: #3366ff;">témoignages</span> d’étudiant.es qui ont vécu cette riche expérience.</li>
</ul>
<p>Via le blog du département, cliquez sur le sous-item – Témoignage.</p>
<ul>
<li>Parcourez la page de la <span style="color: #3366ff;">Direction des Relations Internationales</span> (DRI) :</li>
</ul>
<p>https://www.u-picardie.fr/international/</p>
<ul>
<li>Choisissez le programme de mobilité ou le stage à l’étranger qui vous convient en téléchargeant les pdf suivants :</li>
</ul>
<p><span style="color: #3366ff;"><a style="color: #3366ff;" href="http://amiens-sociologie.fr/wp-content/uploads/2018/09/Programmes-de-mobilité-et-stage-à-létranger.pdf">Programmes de mobilité et stage à l&#8217;étranger</a></span></p>
<p><a href="http://amiens-sociologie.fr/wp-content/uploads/2018/09/organisation-mobilite-erasmus.pdf"><span style="color: #3366ff;">organisation-mobilite-erasmus</span></a></p>
<p>Pour concrétiser votre démarche, déplacez-vous à la DRI, vous y serez très bien acceuili.es :</p>
<ul>
<li>11 rue des Francs Mûriers, 80 000 Amiens</li>
<li>03 22 82 72 51</li>
<li><a href="mailto:dri@u-picardie.fr"><span style="color: #000000;">dri@u-picardie.fr</span></a></li>
</ul>
<p>Pour vous aider à finaliser votre projet, discutez avec les responsables des relations internationales du département : <span style="color: #3366ff;">Virginie Descoutures et Laure Hadj</span> . Elles sont en charge de signer votre contrat pédagogique c&#8217;est-à-dire vos choix d&#8217;enseignements à valider dans l’université d’accueil. Pour demander un RDV, merci d’envoyer un mail aux adresses suivantes :</p>
<ul>
<li>virginie.descoutures@u-picardie.fr</li>
<li><span style="color: #000000;"><a style="color: #000000;" href="mailto:laure.hadj@u-picardie.fr">laure.hadj@u-picardie.fr</a></span></li>
</ul>

<p>L’UPJV propose aux étudiant.es de Sciences Humaines et Sociales des programmes de mobilité : Programme Erasmus+ Programme ISEP Programme BCI Convention bilatérales Vous pouvez également effectuer un stage à l’étranger selon certaines conditions. Pour construire votre projet : Découvrez les témoignages d’étudiant.es qui ont vécu cette riche expérience. Via le blog du département, cliquez sur le sous-item &#8230; <a title="Description du dispositif" class="read-more" href="http://amiens-sociologie.fr/index.php/description-du-dispositif/">Read more<span class="screen-reader-text">Description du dispositif</span></a></p>
