{"id":1893,"date":"2020-03-17T17:18:19","date_gmt":"2020-03-17T16:18:19","guid":{"rendered":"http:\/\/amiens-sociologie.fr\/?page_id=1893"},"modified":"2021-01-11T09:48:11","modified_gmt":"2021-01-11T08:48:11","slug":"introduction-aux-methodes-quantitatives","status":"publish","type":"page","link":"http:\/\/amiens-sociologie.fr\/index.php\/introduction-aux-methodes-quantitatives\/","title":{"rendered":"L1S2. Introduction aux m\u00e9thodes quantitatives"},"content":{"rendered":"\n<p>Ce TD vise \u00e0 familiariser les \u00e9tudiants au vocabulaire et au raisonnement propre aux d\u00e9marches quantitatives en sciences sociales. Il s\u2019attache \u00e0 pr\u00e9senter l\u2019int\u00e9r\u00eat et les limites de cette approche avant de revenir sur les bases de la statistique descriptive.<\/p>\n","protected":false},"excerpt":{"rendered":"<p>Ce TD vise \u00e0 familiariser les \u00e9tudiants au vocabulaire et au raisonnement propre aux d\u00e9marches quantitatives en sciences sociales. Il s\u2019attache \u00e0 pr\u00e9senter l\u2019int\u00e9r\u00eat et les limites de cette approche avant de revenir sur les bases de la statistique descriptive.<\/p>\n","protected":false},"author":25,"featured_media":0,"parent":0,"menu_order":0,"comment_status":"closed","ping_status":"closed","template":"","meta":[],"_links":{"self":[{"href":"http:\/\/amiens-sociologie.fr\/index.php\/wp-json\/wp\/v2\/pages\/1893"}],"collection":[{"href":"http:\/\/amiens-sociologie.fr\/index.php\/wp-json\/wp\/v2\/pages"}],"about":[{"href":"http:\/\/amiens-sociologie.fr\/index.php\/wp-json\/wp\/v2\/types\/page"}],"author":[{"embeddable":true,"href":"http:\/\/amiens-sociologie.fr\/index.php\/wp-json\/wp\/v2\/users\/25"}],"replies":[{"embeddable":true,"href":"http:\/\/amiens-sociologie.fr\/index.php\/wp-json\/wp\/v2\/comments?post=1893"}],"version-history":[{"count":4,"href":"http:\/\/amiens-sociologie.fr\/index.php\/wp-json\/wp\/v2\/pages\/1893\/revisions"}],"predecessor-version":[{"id":2419,"href":"http:\/\/amiens-sociologie.fr\/index.php\/wp-json\/wp\/v2\/pages\/1893\/revisions\/2419"}],"wp:attachment":[{"href":"http:\/\/amiens-sociologie.fr\/index.php\/wp-json\/wp\/v2\/media?parent=1893"}],"curies":[{"name":"wp","href":"https:\/\/api.w.org\/{rel}","templated":true}]}}