{"id":104,"date":"2017-10-03T15:49:49","date_gmt":"2017-10-03T14:49:49","guid":{"rendered":"http:\/\/amiens-sociologie.fr\/?page_id=104"},"modified":"2019-09-21T18:13:16","modified_gmt":"2019-09-21T17:13:16","slug":"sophie-chevalier","status":"publish","type":"page","link":"http:\/\/amiens-sociologie.fr\/index.php\/sophie-chevalier\/","title":{"rendered":"Sophie Chevalier"},"content":{"rendered":"\n<h4><strong>Professeure en Anthropologie<\/strong><\/h4>\n\n\n\n<p>Bureau H113<\/p>\n\n\n\n<p><strong><em>Responsabilit\u00e9s scientifiques :<\/em> Directrice de l&#8217;\u00e9quipe de recherche EA 4287 <a href=\"https:\/\/hm.u-picardie.fr\/\">Habiter le monde<\/a> (UPJV)<\/strong><br><\/p>\n\n\n\n<p><strong><em>Permanence<\/em><\/strong> : sur rendez-vous. <\/p>\n\n\n\n<p><strong><em>Domaines de recherche<\/em><\/strong> : anthropologie politique des pratiques \u00e9conomiques (formes d\u2019\u00e9changes et pratiques de consommation) ; articulation entre sph\u00e8re priv\u00e9e et publique ; formes d\u2019urbanit\u00e9 et globalisation ; parent\u00e9 et solidarit\u00e9 ; paris et courses animales. Ethnologie de l\u2019Europe (France, Grande-Bretagne, Bulgarie), Afrique du Sud. <\/p>\n\n\n\n<p><strong><em>Contact<\/em><\/strong> : sophie.chevalier[at]u-picardie.fr<\/p>\n","protected":false},"excerpt":{"rendered":"<p>Professeure en Anthropologie Bureau H113 Responsabilit\u00e9s scientifiques : Directrice de l&#8217;\u00e9quipe de recherche EA 4287 Habiter le monde (UPJV) Permanence : sur rendez-vous. Domaines de recherche : anthropologie politique des pratiques \u00e9conomiques (formes d\u2019\u00e9changes et pratiques de consommation) ; articulation entre sph\u00e8re priv\u00e9e et publique ; formes d\u2019urbanit\u00e9 et globalisation ; parent\u00e9 et solidarit\u00e9 ; &#8230; <a title=\"Sophie Chevalier\" class=\"read-more\" href=\"http:\/\/amiens-sociologie.fr\/index.php\/sophie-chevalier\/\">Read more<span class=\"screen-reader-text\">Sophie Chevalier<\/span><\/a><\/p>\n","protected":false},"author":1,"featured_media":0,"parent":0,"menu_order":0,"comment_status":"closed","ping_status":"closed","template":"","meta":[],"_links":{"self":[{"href":"http:\/\/amiens-sociologie.fr\/index.php\/wp-json\/wp\/v2\/pages\/104"}],"collection":[{"href":"http:\/\/amiens-sociologie.fr\/index.php\/wp-json\/wp\/v2\/pages"}],"about":[{"href":"http:\/\/amiens-sociologie.fr\/index.php\/wp-json\/wp\/v2\/types\/page"}],"author":[{"embeddable":true,"href":"http:\/\/amiens-sociologie.fr\/index.php\/wp-json\/wp\/v2\/users\/1"}],"replies":[{"embeddable":true,"href":"http:\/\/amiens-sociologie.fr\/index.php\/wp-json\/wp\/v2\/comments?post=104"}],"version-history":[{"count":4,"href":"http:\/\/amiens-sociologie.fr\/index.php\/wp-json\/wp\/v2\/pages\/104\/revisions"}],"predecessor-version":[{"id":1511,"href":"http:\/\/amiens-sociologie.fr\/index.php\/wp-json\/wp\/v2\/pages\/104\/revisions\/1511"}],"wp:attachment":[{"href":"http:\/\/amiens-sociologie.fr\/index.php\/wp-json\/wp\/v2\/media?parent=104"}],"curies":[{"name":"wp","href":"https:\/\/api.w.org\/{rel}","templated":true}]}}